alculate the remainder when 2443 is divided by 487.
8
Calculate the remainder when 7360 is divided by 1427.
225
Calculate the remainder when 304217 is divided by 106.
103
What is the remainder when 36829 is divided by 12185?
274
What is the remainder when 6974 is divided by 77?
44
Calculate the remainder when 82658 is divided by 49.
44
Calculate the remainder when 80557 is divided by 13424.
13
What is the remainder when 51531 is divided by 379?
366
What is the remainder when 287 is divided by 37?
28
What is the remainder when 1272 is divided by 51?
48
What is the remainder when 8681 is divided by 411?
50
Calculate the remainder when 7336 is divided by 41.
38
What is the remainder when 482559 is divided by 18?
15
Calculate the remainder when 38943 is divided by 9732.
15
Calculate the remainder when 22916 is divided by 11453.
10
What is the remainder when 12660 is divided by 12409?
251
What is the remainder when 5060 is divided by 1719?
1622
What is the remainder when 354811 is divided by 13645?
41
Calculate the remainder when 22827 is divided by 255.
132
Calculate the remainder when 1041 is divided by 7.
5
Calculate the remainder when 4594430 is divided by 16.
14
Calculate the remainder when 7826 is divided by 191.
186
Calculate the remainder when 777853 is divided by 195.
193
What is the remainder when 4446 is divided by 31?
13
What is the remainder when 304 is divided by 188?
116
Calculate the remainder when 136901 is divided by 22.
17
Calculate the remainder when 118366 is divided by 8.
6
What is the remainder when 87401 is divided by 26?
15
Calculate the remainder when 5155 is divided by 51.
4
Calculate the remainder when 27858 is divided by 1989.
12
Calculate the remainder when 37742 is divided by 12572.
26
Calculate the remainder when 2387583 is divided by 1193784.
15
Calculate the remainder when 13795 is divided by 6866.
63
What is the remainder when 23550 is divided by 654?
6
What is the remainder when 273335 is divided by 42?
41
Calculate the remainder when 4039 is divided by 209.
68
Calculate the remainder when 222878 is divided by 224.
222
What is the remainder when 82094 is divided by 8?
6
Calculate the remainder when 14829 is divided by 1647.
6
Calculate the remainder when 4398 is divided by 2194.
10
What is the remainder when 59606 is divided by 30?
26
What is the remainder when 23234 is divided by 31?
15
Calculate the remainder when 19909 is divided by 6635.
4
Calculate the remainder when 198780 is divided by 965.
955
Calculate the remainder when 14599 is divided by 88.
79
What is the remainder when 2077 is divided by 210?
187
Calculate the remainder when 144982 is divided by 38.
12
What is the remainder when 19666 is divided by 1638?
10
What is the remainder when 5845 is divided by 264?
37
What is the remainder when 441772 is divided by 763?
758
What is the remainder when 8679 is divided by 69?
54
Calculate the remainder when 74022 is divided by 655.
7
Calculate the remainder when 4641 is divided by 909.
96
Calculate the remainder when 11320 is divided by 2262.
10
Calculate the remainder when 10622 is divided by 48.
14
Calculate the remainder when 1363 is divided by 204.
139
Calculate the remainder when 1392 is divided by 78.
66
Calculate the remainder when 7972 is divided by 111.
91
Calculate the remainder when 44769 is divided by 26.
23
Calculate the remainder when 2052881 is divided by 186.
185
Calculate the remainder when 9013 is divided by 184.
181
Calculate the remainder when 108464 is divided by 728.
720
What is the remainder when 38056 is divided by 19?
18
Calculate the remainder when 25922 is divided by 2.
0
What is the remainder when 1259 is divided by 2?
1
Calculate the remainder when 1172087 is divided by 72.
71
What is the remainder when 10448 is divided by 3373?
329
What is the remainder when 1870 is divided by 18?
16
Calculate the remainder when 7687 is divided by 1374.
817
Calculate the remainder when 4402 is divided by 30.
22
What is the remainder when 10586 is divided by 1087?
803
Calculate the remainder when 708 is divided by 77.
15
Calculate the remainder when 122635 is divided by 27.
1
Calculate the remainder when 21978 is divided by 995.
88
What is the remainder when 30202 is divided by 3014?
62
What is the remainder when 5012 is divided by 2468?
76
What is the remainder when 105122 is divided by 10?
2
Calculate the remainder when 8822 is divided by 1466.
26
Calculate the remainder when 2929 is divided by 2890.
39
Calculate the remainder when 78859 is divided by 291.
289
Calculate the remainder when 2202 is divided by 2181.
21
What is the remainder when 13425 is divided by 43?
9
What is the remainder when 267696 is divided by 44614?
12
Calculate the remainder when 352 is divided by 9.
1
Calculate the remainder when 6704 is divided by 126.
26
Calculate the remainder when 1062541 is divided by 64.
13
Calculate the remainder when 10223 is divided by 9.
8
Calculate the remainder when 298569 is divided by 3078.
3
What is the remainder when 155195 is divided by 25?
20
What is the remainder when 18063 is divided by 134?
107
What is the remainder when 10029 is divided by 1111?
30
Calculate the remainder when 4082 is divided by 564.
134
What is the remainder when 3819 is divided by 42?
39
Calculate the remainder when 79412 is divided by 118.
116
Calculate the remainder when 736 is divided by 82.
80
What is the remainder when 77913 is divided by 41?
13
What is the remainder when 662680 is divided by 41417?
8
What is the remainder when 74292 is divided by 97?
87
Calculate the remainder when 82469 is divided by 676.
673
What is the remainder when 209175 is divided by 391?
381
Calculate the remainder when 4031 is divided by 3838.
193
What is the remainder when 55772 is divided by 724?
24
What is the remainder when 7846 is divided by 52?
46
Calculate the remainder when 380961 is divided by 636.
633
Calculate the remainder when 2183 is divided by 1240.
943
Calculate the remainder when 13044 is divided by 31.
24
What is the remainder when 346 is divided by 174?
172
Calculate the remainder when 494 is divided by 32.
14
What is the remainder when 29708989 is divided by 1856?
1853
Calculate the remainder when 4926 is divided by 486.
66
What is the remainder when 780 is divided by 340?
100
What is the remainder when 10490 is divided by 10?
0
Calculate the remainder when 62109 is divided by 460.
9
Calculate the remainder when 650320 is divided by 23.
18
Calculate the remainder when 12391 is divided by 21.
1
What is the remainder when 4080 is divided by 453?
3
What is the remainder when 7651 is divided by 201?
13
Calculate the remainder when 19809 is divided by 109.
80
Calculate the remainder when 8081 is divided by 627.
557
What is the remainder when 217328 is divided by 8?
0
Calculate the remainder when 16564 is divided by 8275.
14
Calculate the remainder when 277 is divided by 161.
116
What is the remainder when 66210 is divided by 35?
25
Calculate the remainder when 39101 is divided by 79.
75
What is the remainder when 6789 is divided by 147?
27
Calculate the remainder when 429 is divided by 51.
21
What is the remainder when 14751 is divided by 1230?
1221
Calculate the remainder when 3604 is divided by 398.
22
What is the remainder when 4864 is divided by 716?
568
What is the remainder when 667 is divided by 44?
7
Calculate the remainder when 89410 is divided by 72.
58
What is the remainder when 98354 is divided by 367?
365
Calculate the remainder when 2396 is divided by 476.
16
What is the remainder when 988887 is divided by 9?
3
Calculate the remainder when 9163 is divided by 4574.
15
What is the remainder when 13884 is divided by 77?
24
Calculate the remainder when 19711 is divided by 327.
91
Calculate the remainder when 1682 is divided by 185.
17
What is the remainder when 9392 is divided by 200?
192
What is the remainder when 38883 is divided by 77?
75
Calculate the remainder when 7304 is divided by 2358.
230
Calculate the remainder when 6524 is divided by 1147.
789
What is the remainder when 1074 is divided by 215?
214
Calculate the remainder when 3110 is divided by 156.
146
What is the remainder when 211486 is divided by 23492?
58
Calculate the remainder when 3226 is divided by 3043.
183
Calculate the remainder w